ed by w.
13
Let k(g) = 3*g - 6. What is the remainder when (-1005)/(-5)*(-4)/(-6) is divided by k(17)?
44
Suppose -k = -4*k - 27. Suppose 0 = 2*f - 6 - 0. Calculate the remainder when (-1)/(-3)*(0 - k) is divided by f.
0
Let s = 22 + -13. Let h(u) = -42*u**2 - u. Let q be h(-1). Let a = -16 - q. Calculate the remainder when a is divided by s.
7
Let p = 92 + 39. What is the remainder when p is divided by 44?
43
Let y = 278 + -275. What is the remainder when 15 is divided by y?
0
Suppose -t - 20 = -4*n - 2*t, -3*n + 4 = -2*t. What is the remainder when 93 is divided by -1 - (5 + -34) - -1*n?
29
Let s(m) = m**3 + m**2 + m. Let u(y) = 3*y**3 - 5*y**2 - 2*y - 12. Let g(q) = -s(q) + u(q). What is the remainder when g(5) is divided by 11?
7
Suppose 0 = 7*m - 9*m + 42. Suppose m + 369 = 5*d. What is the remainder when d is divided by 20?
18
Let d(s) = -s**3 - 17*s**2 - 48*s - 37. What is the remainder when 251 is divided by d(-14)?
16
Let n = -4 + 8. Let u = -39 + 39. Suppose q - 32 + 19 = u. Calculate the remainder when q is divided by n.
1
Let l = -206 - -210. What is the remainder when l is divided by 2?
0
Calculate the remainder when (-16)/(55/14 - 4) is divided by 38.
34
Let k be 0/9 - -1*1. Suppose -y + 3 = k. Suppose -3*o + 9 = 0, -2*x - 4*o + 152 = -y*o. Calculate the remainder when x is divided by 25.
23
Suppose -5*j + 5*t = -26 - 4, -t - 20 = -3*j. Let p(h) = 3*h**3 - 21*h**2 + 2*h - 11. What is the remainder when j is divided by p(7)?
1
Let t = 309 + -291. Calculate the remainder when 158 is divided by t.
14
Suppose 10 + 56 = 6*w. Let x(n) = 26*n**2 + 1. Calculate the remainder when x(-1) is divided by w.
5
Let n(m) = 37*m - 3. What is the remainder when n(9) is divided by 37?
34
Suppose 2*c - 3*c + j + 41 = 0, -3*j = -2*c + 78. Suppose -2*h + c + 59 = 0. What is the remainder when h is divided by 27?
25
Let x = 8 - 5. Calculate the remainder when (3 + 2)/((-15)/(-54)*3) is divided by x.
0
Suppose 6 = -o + 5*h, -4*h + 46 = 5*o - 40. What is the remainder when 77 is divided by o?
7
Suppose 4*z + 13 = 5*x, 10 = -4*x - 4*z + 42. Suppose -39 = -x*a + 51. What is the remainder when 49 is divided by a?
13
Let d(p) = 7*p**3 - p**2 - 2*p + 2. Calculate the remainder when -2 + (-5)/5 - -73 is divided by d(1).
4
What is the remainder when 48 is divided by (-215)/(-10) + (-9)/6?
8
Calculate the remainder when 77 is divided by 10/(-4) + 244/8.
21
Let a be (7/14)/((-2)/(-8)). Suppose 2 = -2*c + a*q, -c - 7*q = -3*q - 14. Calculate the remainder when 117 is divided by (-362)/(-12) - c/12.
27
Suppose 4*y - 5*a = -59 + 196, -2*a + 130 = 4*y. Let x = 29 + 35. What is the remainder when x is divided by y?
31
Suppose n - 5*n = 16. What is the remainder when 43 is divided by 171/15 + n/10?
10
Let x be -4*1*(-3 - -2). Suppose 2 = j - 3, -5*b = 2*j - 25. Let o = x - b. Calculate the remainder when 1 is divided by o.
0
Let w = -187 + 440. What is the remainder when w is divided by 55?
33
Let j(y) = y**2 - 8*y + 15 + 8*y - 8*y. What is the remainder when j(7) is divided by 5?
3
Suppose -j = 2*w - 425, 2*w + 1730 = 3*j + j. Calculate the remainder when j is divided by 48.
47
What is the remainder when 221 is divided by (-1)/((6/(-12))/(-3 - -11))?
13
Suppose 2*s + 4*v = 9 + 25, -4*v + 67 = 5*s. Let n = 26 + s. Suppose 2*o = -880*b + 879*b + 24, 0 = o + 3*b - 2. Calculate the remainder when n is divided by o.
9
Let b(m) = -2*m. Let y be b(-2). Suppose -o - 51 = -i - 10, o = -y. Let v = 34 + -14. What is the remainder when i is divided by v?
17
Let x = 23 + -12. Let q = -21 - 0. What is the remainder when 6/(-4)*q*4/3 is divided by x?
9
Suppose 27 = 3*b - 24. Calculate the remainder when b is divided by 5.
2
Let u = 2961 + -2913. What is the remainder when 105 is divided by u?
9
Suppose -11*h + 15 = -6*h. Calculate the remainder when 9 is divided by h/1 - (-5)/(20/4).
1
Let h be (6/8)/((-6)/(-32)). Suppose 11 = -w + h*o, 0*w - o = 5*w - 29. Suppose -w*x + 19 + 16 = 0. Calculate the remainder when 26 is divided by x.
5
Let d = 4 - -20. Suppose -15 = -5*f, 3*y + 3*f = 8*f + d. Calculate the remainder when (0 + 1 - 0)*37 is divided by y.
11
Suppose 46 = 3*f - 26. Let c(m) = 22*m - 5. Let k be c(-3). Calculate the remainder when -4 + (6 - 4) - k is divided by f.
21
Let b(c) = c - 4. Let o be 286/66 - (-2)/3. Suppose -p = 3*x - 7, -p - 9 = -x + 2*p. Calculate the remainder when x is divided by b(o).
0
Suppose 0 = -3*a + 2*i + 69 - 2, -30 = -2*a + 5*i. Calculate the remainder when 373 is divided by a.
23
Calculate the remainder when 597 is divided by (156/(-13) - -13)*2*23.
45
Suppose -5*u - 171 = -2*r, 9 - 29 = 4*u. Suppose -300 = 63*i - 75*i. What is the remainder when r is divided by i?
23
Suppose l = -3*b + 192, -17*l + 15*l = -b + 57. Calculate the remainder when b is divided by 13.
11
Let s(b) = 9*b - 328. Calculate the remainder when s(50) is divided by 31/(-2*(-1)/2).
29
Let x(j) = -j**3 + 21*j**2 - 39*j + 33. Calculate the remainder when 363 is divided by x(19).
13
Let w = -57 - -101. What is the remainder when (137 - 3/(-18)*0) + -6 + -1 is divided by w?
42
Let h = -191 - -213. What is the remainder when 63 is divided by h?
19
Let b(k) = 9 + 37*k - 21 + 5 + 5. Calculate the remainder when b(3) is divided by 22.
21
Calculate the remainder when 3 - (-2 + -8*16 + -3) is divided by 28.
24
Suppose -120 = -2*t + g, -5*g + 330 = 7*t - 2*t. What is the remainder when 146 is divided by t?
22
Suppose 2*u = u - 2. Let h = -81 - -90. Calculate the remainder when (-30)/u + (-4)/(-2) is divided by h.
8
Suppose -d = d - 36. Suppose -2*r - t = 344, 0 = -5*r + t - 6*t - 850. Let f = r - -207. What is the remainder when f is divided by d?
15
Let r(t) = t**3 - 37*t**2 + 4*t - 137. What is the remainder when 294 is divided by r(37)?
8
What is the remainder when ((-4304)/(-32))/((-2 - -1)/(-2)) is divided by 80?
29
Let d = -585 + 607. What is the remainder when 151 is divided by d?
19
Let a = -73 - -111. Let z(g) = 2*g + 1. Let p be z(6). Let k = a - p. Calculate the remainder when k is divided by 9.
7
Let u(i) = i + 17. Let k be u(-14). Suppose -k*t + 19 = -11. What is the remainder when 35 is divided by t?
5
Calculate the remainder when 466 is divided by 5/25 - (-712)/40.
16
Suppose 3*v - 90 = 2*v. Suppose -v = -11*t + 5*t. What is the remainder when 43 is divided by t?
13
Suppose -82 = -5*w - 32. Let l = w - -1. Calculate the remainder when 21 is divided by l.
10
Suppose 2*b + 6*b = 32. Suppose -b*m + l = -72, m = -4*m + 2*l + 93. What is the remainder when 32 is divided by m?
15
Suppose -5*y = -10*y - 90. Let w be (-4)/(-6) - 78/y. Suppose 7*m - 2*m = -w*z + 55, 3*z - 6 = 0. What is the remainder when 24 is divided by m?
6
Let l(i) = -60*i - 25. Suppose 3*s + 3*d = 66, 2 = d + 4. Calculate the remainder when l(-2) is divided by s.
23
Let o be ((-2)/3)/(4/246). Let r = 70 + o. Calculate the remainder when 113 is divided by r.
26
Let s(c) = 8*c - 81. Suppose -4*i - 2*f = -12, -4*f = 5*i - 2*f - 17. What is the remainder when s(16) is divided by (1 - i)*(-75)/12?
22
What is the remainder when (-525)/(-28)*(-56)/(-21) is divided by 17?
16
Let j = -1 - 2. Let t(k) = -2*k**3 + 2*k**2 + 3*k + 2. What is the remainder when t(j) is divided by 17?
14
Let f = 179 + -175. Suppose 4*p = 2*p + 50. What is the remainder when p is divided by f?
1
Let m = 15056 - 15025. Calculate the remainder when 2/5 + 743/5 is divided by m.
25
Let h be (-4)/7 + 1404/(-42). Let n = -16 + 35. What is the remainder when h/51*(-84)/1 is divided by n?
18
Let a(g) = g**2 - 5*g - 9. Let z be a(7). Suppose z*o = 6*o - 21. Let l = 98 - o. What is the remainder when l is divided by 20?
17
Let h = -21 - -41. Let v(p) = p**3 - p**2 - p. Let x be v(0). Suppose 5*y - f - 4*f - 35 = 0, 4*y - 5*f - 28 = x. What is the remainder when h is divided by y?
6
Let r = 396 - 385. Calculate the remainder when 21 is divided by r.
10
Suppose -2*w - 124 = -6*i + 2*i, 2*w = -2*i - 94. Let g = 58 + w. Calculate the remainder when 8 is divided by g.
2
What is the remainder when 247/(3 + (0 - 2)) is divided by ((-190)/6 - -11)/(2/(-3))?
30
Suppose 0 = 96*z - 125*z + 1566. What is the remainder when z is divided by 36?
18
Let i(l) = -2*l + 60. Let k be i(20). What is the remainder when 19 is divided by (44 + k/(-4))*(-2)/(-6)?
6
Suppose 